{"id":216,"date":"2025-02-07T14:12:34","date_gmt":"2025-02-07T14:12:34","guid":{"rendered":"https:\/\/devvimpelles.albys.com\/?page_id=216"},"modified":"2025-05-26T17:22:23","modified_gmt":"2025-05-26T17:22:23","slug":"loisirs-et-associations","status":"publish","type":"page","link":"https:\/\/mairie-vimpelles.fr\/index.php\/loisirs-et-associations\/","title":{"rendered":"Loisirs et associations"},"content":{"rendered":"<p>[et_pb_section fb_built=\u00a0\u00bb1&Prime; _builder_version=\u00a0\u00bb4.27.4&Prime; _module_preset=\u00a0\u00bbdefault\u00a0\u00bb background_color=\u00a0\u00bb#27584D\u00a0\u00bb custom_margin=\u00a0\u00bb-5vw||||false|false\u00a0\u00bb global_colors_info=\u00a0\u00bb{}\u00a0\u00bb][et_pb_row _builder_version=\u00a0\u00bb4.27.4&Prime; _module_preset=\u00a0\u00bbdefault\u00a0\u00bb animation_style=\u00a0\u00bbfade\u00a0\u00bb animation_duration=\u00a0\u00bb1200ms\u00a0\u00bb global_colors_info=\u00a0\u00bb{}\u00a0\u00bb][et_pb_column type=\u00a0\u00bb4_4&Prime; _builder_version=\u00a0\u00bb4.27.4&Prime; _module_preset=\u00a0\u00bbdefault\u00a0\u00bb global_colors_info=\u00a0\u00bb{}\u00a0\u00bb][et_pb_text _builder_version=\u00a0\u00bb4.27.4&Prime; _module_preset=\u00a0\u00bbdefault\u00a0\u00bb header_font=\u00a0\u00bb|700||on|||||\u00a0\u00bb header_text_align=\u00a0\u00bbcenter\u00a0\u00bb header_text_color=\u00a0\u00bb#FFFFFF\u00a0\u00bb header_font_size=\u00a0\u00bb55px\u00a0\u00bb global_colors_info=\u00a0\u00bb{}\u00a0\u00bb]<\/p>\n<h1>Loisirs et associations<\/h1>\n<p>[\/et_pb_text][\/et_pb_column][\/et_pb_row][\/et_pb_section][et_pb_section fb_built=\u00a0\u00bb1&Prime; admin_label=\u00a0\u00bbHeader\u00a0\u00bb _builder_version=\u00a0\u00bb4.20.0&Prime; _module_preset=\u00a0\u00bbdefault\u00a0\u00bb collapsed=\u00a0\u00bbon\u00a0\u00bb global_colors_info=\u00a0\u00bb{}\u00a0\u00bb][et_pb_row column_structure=\u00a0\u00bb1_2,1_2&Prime; _builder_version=\u00a0\u00bb4.20.0&Prime; _module_preset=\u00a0\u00bbdefault\u00a0\u00bb global_colors_info=\u00a0\u00bb{}\u00a0\u00bb][et_pb_column type=\u00a0\u00bb1_2&Prime; _builder_version=\u00a0\u00bb4.20.0&Prime; _module_preset=\u00a0\u00bbdefault\u00a0\u00bb global_colors_info=\u00a0\u00bb{}\u00a0\u00bb][et_pb_text _builder_version=\u00a0\u00bb4.27.4&Prime; _module_preset=\u00a0\u00bb_initial\u00a0\u00bb global_colors_info=\u00a0\u00bb{}\u00a0\u00bb]<\/p>\n<h1>Comit\u00e9 des f\u00eates<\/h1>\n<p>[\/et_pb_text][et_pb_divider color=\u00a0\u00bb#4FA591&Prime; divider_weight=\u00a0\u00bb4px\u00a0\u00bb _builder_version=\u00a0\u00bb4.27.4&Prime; _module_preset=\u00a0\u00bbdefault\u00a0\u00bb max_width=\u00a0\u00bb20%\u00a0\u00bb global_colors_info=\u00a0\u00bb{}\u00a0\u00bb][\/et_pb_divider][et_pb_text _builder_version=\u00a0\u00bb4.27.4&Prime; _module_preset=\u00a0\u00bb67fcce40-abf1-4a0e-a204-9e3940126241&Prime; text_font=\u00a0\u00bb||||||||\u00a0\u00bb text_font_size=\u00a0\u00bb16px\u00a0\u00bb text_line_height=\u00a0\u00bb1.6em\u00a0\u00bb text_font_size_tablet=\u00a0\u00bb15px\u00a0\u00bb global_colors_info=\u00a0\u00bb{}\u00a0\u00bb]<\/p>\n<p style=\"text-align: justify;\"><span>Le Comit\u00e9 des F\u00eates, une association tr\u00e8s dynamique, existe depuis d\u00e9cembre 1974. Depuis sa cr\u00e9ation, il s&rsquo;efforce d&rsquo;organiser des \u00e9v\u00e9nements et des activit\u00e9s pour animer la vie de la commune. Gr\u00e2ce \u00e0 l&rsquo;engagement et \u00e0 la passion de ses membres, le Comit\u00e9 des F\u00eates a su cr\u00e9er des moments inoubliables pour les habitants, qu&rsquo;il s&rsquo;agisse de f\u00eates, de spectacles ou de c\u00e9l\u00e9brations annuelles. Son r\u00f4le est essentiel pour renforcer les liens communautaires et offrir des occasions de convivialit\u00e9 et de partage.<\/span><\/p>\n<p>[\/et_pb_text][\/et_pb_column][et_pb_column type=\u00a0\u00bb1_2&Prime; _builder_version=\u00a0\u00bb4.20.0&Prime; _module_preset=\u00a0\u00bbdefault\u00a0\u00bb global_colors_info=\u00a0\u00bb{}\u00a0\u00bb][et_pb_image src=\u00a0\u00bbhttps:\/\/devvimpelles.albys.com\/wp-content\/uploads\/2025\/02\/logocomite.png\u00a0\u00bb title_text=\u00a0\u00bblogocomite\u00a0\u00bb align=\u00a0\u00bbcenter\u00a0\u00bb _builder_version=\u00a0\u00bb4.27.4&Prime; _module_preset=\u00a0\u00bbdefault\u00a0\u00bb max_width=\u00a0\u00bb50%\u00a0\u00bb animation_style=\u00a0\u00bbzoom\u00a0\u00bb global_colors_info=\u00a0\u00bb{}\u00a0\u00bb][\/et_pb_image][\/et_pb_column][\/et_pb_row][et_pb_row column_structure=\u00a0\u00bb1_2,1_2&Prime; _builder_version=\u00a0\u00bb4.27.4&Prime; _module_preset=\u00a0\u00bbdefault\u00a0\u00bb custom_padding=\u00a0\u00bb0px||||false|false\u00a0\u00bb global_colors_info=\u00a0\u00bb{}\u00a0\u00bb][et_pb_column type=\u00a0\u00bb1_2&Prime; _builder_version=\u00a0\u00bb4.20.0&Prime; _module_preset=\u00a0\u00bbdefault\u00a0\u00bb global_colors_info=\u00a0\u00bb{}\u00a0\u00bb][et_pb_text _builder_version=\u00a0\u00bb4.27.4&Prime; _module_preset=\u00a0\u00bbdefault\u00a0\u00bb global_colors_info=\u00a0\u00bb{}\u00a0\u00bb]<\/p>\n<ol>\n<li><span>Pr\u00e9sident : J-Michel LANGELLIER<br \/>2. Vice-Pr\u00e9sident : Daniel WATTIAU<br \/>3. Vice-Pr\u00e9sident : Pascal NEVEU<br \/>4. Secr\u00e9taire : Nadine DELATTRE<br \/>5. No\u00ebl CHERAUD<br \/>6. Fran\u00e7oise MERLIN<br \/>7. David MARET<br \/>8. Ludovic LESPINASSE<br \/>9. Lo\u00efc JULES<br \/>10. M-No\u00eblle WATTIAU<br \/><\/span><\/li>\n<\/ol>\n<p>[\/et_pb_text][\/et_pb_column][et_pb_column type=\u00a0\u00bb1_2&Prime; _builder_version=\u00a0\u00bb4.20.0&Prime; _module_preset=\u00a0\u00bbdefault\u00a0\u00bb global_colors_info=\u00a0\u00bb{}\u00a0\u00bb][et_pb_text _builder_version=\u00a0\u00bb4.27.4&Prime; _module_preset=\u00a0\u00bbdefault\u00a0\u00bb global_colors_info=\u00a0\u00bb{}\u00a0\u00bb]<\/p>\n<p><span>11. C\u00e9cile TRANCHANT<br \/>12. Olivier\u00a0 TRANCHANT<br \/>13. James DUMONT<br \/>14. Lo\u00efc THUNEVIN<br \/>15. Nad\u00e8ge GOMES<br \/>16. Carlos GOMES<br \/>17. S\u00e9bastien DELAUNE<br \/>18. Sylvie RUYSSCHAERT<br \/>19. Fran\u00e7ois DELMOTTE<br \/>20. Christelle MASSON<\/span><\/p>\n<p>[\/et_pb_text][\/et_pb_column][\/et_pb_row][et_pb_row column_structure=\u00a0\u00bb1_2,1_2&Prime; _builder_version=\u00a0\u00bb4.27.4&Prime; _module_preset=\u00a0\u00bbdefault\u00a0\u00bb global_colors_info=\u00a0\u00bb{}\u00a0\u00bb][et_pb_column type=\u00a0\u00bb1_2&Prime; _builder_version=\u00a0\u00bb4.27.4&Prime; _module_preset=\u00a0\u00bbdefault\u00a0\u00bb global_colors_info=\u00a0\u00bb{}\u00a0\u00bb][et_pb_button button_text=\u00a0\u00bb06 80 04 24 94&Prime; button_alignment=\u00a0\u00bbleft\u00a0\u00bb _builder_version=\u00a0\u00bb4.27.4&Prime; _module_preset=\u00a0\u00bbdefault\u00a0\u00bb button_bg_color=\u00a0\u00bb#4FA591&Prime; locked=\u00a0\u00bboff\u00a0\u00bb global_colors_info=\u00a0\u00bb{}\u00a0\u00bb][\/et_pb_button][\/et_pb_column][et_pb_column type=\u00a0\u00bb1_2&Prime; _builder_version=\u00a0\u00bb4.27.4&Prime; _module_preset=\u00a0\u00bbdefault\u00a0\u00bb global_colors_info=\u00a0\u00bb{}\u00a0\u00bb][et_pb_button button_text=\u00a0\u00bb06 76 51 82 02&Prime; button_alignment=\u00a0\u00bbleft\u00a0\u00bb _builder_version=\u00a0\u00bb4.27.4&Prime; _module_preset=\u00a0\u00bbdefault\u00a0\u00bb button_bg_color=\u00a0\u00bb#4FA591&Prime; locked=\u00a0\u00bboff\u00a0\u00bb global_colors_info=\u00a0\u00bb{}\u00a0\u00bb][\/et_pb_button][\/et_pb_column][\/et_pb_row][\/et_pb_section][et_pb_section fb_built=\u00a0\u00bb1&Prime; _builder_version=\u00a0\u00bb4.27.4&Prime; _module_preset=\u00a0\u00bbdefault\u00a0\u00bb background_color=\u00a0\u00bb#27584D\u00a0\u00bb global_colors_info=\u00a0\u00bb{}\u00a0\u00bb][et_pb_row column_structure=\u00a0\u00bb1_2,1_2&Prime; _builder_version=\u00a0\u00bb4.20.0&Prime; _module_preset=\u00a0\u00bbdefault\u00a0\u00bb global_colors_info=\u00a0\u00bb{}\u00a0\u00bb][et_pb_column type=\u00a0\u00bb1_2&Prime; _builder_version=\u00a0\u00bb4.20.0&Prime; _module_preset=\u00a0\u00bbdefault\u00a0\u00bb global_colors_info=\u00a0\u00bb{}\u00a0\u00bb][et_pb_text _builder_version=\u00a0\u00bb4.27.4&Prime; _module_preset=\u00a0\u00bb_initial\u00a0\u00bb header_2_text_color=\u00a0\u00bb#FFFFFF\u00a0\u00bb global_colors_info=\u00a0\u00bb{}\u00a0\u00bb]<\/p>\n<h2>Loisirs<\/h2>\n<p>[\/et_pb_text][et_pb_divider color=\u00a0\u00bb#4FA591&Prime; divider_weight=\u00a0\u00bb4px\u00a0\u00bb _builder_version=\u00a0\u00bb4.27.4&Prime; _module_preset=\u00a0\u00bbdefault\u00a0\u00bb max_width=\u00a0\u00bb20%\u00a0\u00bb global_colors_info=\u00a0\u00bb{}\u00a0\u00bb][\/et_pb_divider][\/et_pb_column][et_pb_column type=\u00a0\u00bb1_2&Prime; _builder_version=\u00a0\u00bb4.20.0&Prime; _module_preset=\u00a0\u00bbdefault\u00a0\u00bb global_colors_info=\u00a0\u00bb{}\u00a0\u00bb][\/et_pb_column][\/et_pb_row][et_pb_row column_structure=\u00a0\u00bb1_2,1_2&Prime; _builder_version=\u00a0\u00bb4.27.4&Prime; _module_preset=\u00a0\u00bbdefault\u00a0\u00bb locked=\u00a0\u00bboff\u00a0\u00bb global_colors_info=\u00a0\u00bb{}\u00a0\u00bb][et_pb_column type=\u00a0\u00bb1_2&Prime; _builder_version=\u00a0\u00bb4.27.4&Prime; _module_preset=\u00a0\u00bbdefault\u00a0\u00bb global_colors_info=\u00a0\u00bb{}\u00a0\u00bb][et_pb_blurb title=\u00a0\u00bbRunning Club Vimpelles\u00a0\u00bb image=\u00a0\u00bbhttps:\/\/devvimpelles.albys.com\/wp-content\/uploads\/2025\/03\/RUNNING-CLUB-2.jpg\u00a0\u00bb _builder_version=\u00a0\u00bb4.27.4&Prime; _module_preset=\u00a0\u00bbdefault\u00a0\u00bb header_level=\u00a0\u00bbh3&Prime; header_text_color=\u00a0\u00bb#FFFFFF\u00a0\u00bb body_text_color=\u00a0\u00bb#FFFFFF\u00a0\u00bb animation_style=\u00a0\u00bbfade\u00a0\u00bb border_radii_image=\u00a0\u00bbon|180px|180px|180px|180px\u00a0\u00bb global_colors_info=\u00a0\u00bb{}\u00a0\u00bb]<\/p>\n<p>Le Running Club Vimpelles est une association d\u00e9di\u00e9e \u00e0 la pratique de la course \u00e0 pied. Le fondement de l&rsquo;Association est de permettre \u00e0 chacun de ses membres de pouvoir pratiquer la course \u00e0 pied en fonction de ses envies et de ses ambitions individuelles, en s&rsquo;appuyant sur un collectif qui peut l&rsquo;accompagner \u00e0 souhait. Le RC20PL participe \u00e9galement \u00e0 l&rsquo;organisation de la Vimpelloise \u00e0 partir de l&rsquo;\u00e9dition 2025, afin de permettre aux locaux de d\u00e9couvrir le Running gr\u00e2ce \u00e0 cette nouvelle course locale.<\/p>\n<p>Pr\u00e9sident<\/p>\n<div>Anthony AMARO<\/div>\n<p>[\/et_pb_blurb][et_pb_button button_text=\u00a0\u00bb06 62 91 25 62&Prime; _builder_version=\u00a0\u00bb4.27.4&Prime; _module_preset=\u00a0\u00bbdefault\u00a0\u00bb button_bg_color=\u00a0\u00bb#4FA591&Prime; global_colors_info=\u00a0\u00bb{}\u00a0\u00bb][\/et_pb_button][\/et_pb_column][et_pb_column type=\u00a0\u00bb1_2&Prime; _builder_version=\u00a0\u00bb4.27.4&Prime; _module_preset=\u00a0\u00bbdefault\u00a0\u00bb global_colors_info=\u00a0\u00bb{}\u00a0\u00bb][et_pb_blurb title=\u00a0\u00bbM Fitness\u00a0\u00bb image=\u00a0\u00bbhttps:\/\/devvimpelles.albys.com\/wp-content\/uploads\/2025\/03\/M-Fitness.png\u00a0\u00bb image_icon_width=\u00a0\u00bb65%\u00a0\u00bb _builder_version=\u00a0\u00bb4.27.4&Prime; _module_preset=\u00a0\u00bbdefault\u00a0\u00bb header_level=\u00a0\u00bbh3&Prime; header_text_color=\u00a0\u00bb#FFFFFF\u00a0\u00bb body_text_color=\u00a0\u00bb#FFFFFF\u00a0\u00bb animation_style=\u00a0\u00bbfade\u00a0\u00bb locked=\u00a0\u00bboff\u00a0\u00bb global_colors_info=\u00a0\u00bb{}\u00a0\u00bb]<\/p>\n<p><span>Michel LAURENT Coach Sportif dipl\u00f4m\u00e9 d&rsquo;\u00e9tat<\/span><\/p>\n<p><span>Tous les mercredis \u00e0 la salle des f\u00eates de Bray sur seine :<br \/><\/span>&#8211; 18h15 : Renforcement musculaire et cardio (cours de 45\u2019)<br \/><span>&#8211; 19h00 : Stretching (cours de 30\u2019)\u00a0<\/span><span><br \/><\/span><\/p>\n<p>Tous les jeudis \u00e0 la salle des f\u00eates de Vimpelles :<span><br \/><\/span><span>&#8211; 18h30 : <\/span><span>Step<\/span><span> d\u00e9butant (45\u2019)<br \/><\/span>&#8211; 19h15 : Step interm\u00e9diaire (1h)<span><br \/><\/span><span><br \/><\/span><span>Carte de 10 cr\u00e9dits (30\u20ac) sans engagement valable 4 mois.<\/span><span><br \/><\/span><span>Tous les cours sont adapt\u00e9s \u00e0 chacune et \u00e0 chacun.<\/span><\/p>\n<p><span>*Possibilit\u00e9 de coaching sportif privatif sur demande<\/span><\/p>\n<p><span>Contact: <\/span><span><a href=\"mailto:michel.laurent.mr@gmail.com\">michel.laurent.mr@gmail.com<\/a><\/span><\/p>\n<p>[\/et_pb_blurb][et_pb_button button_text=\u00a0\u00bb07 67 45 17 81&Prime; _builder_version=\u00a0\u00bb4.27.4&Prime; _module_preset=\u00a0\u00bbdefault\u00a0\u00bb button_bg_color=\u00a0\u00bb#4FA591&Prime; locked=\u00a0\u00bboff\u00a0\u00bb global_colors_info=\u00a0\u00bb{}\u00a0\u00bb][\/et_pb_button][\/et_pb_column][\/et_pb_row][\/et_pb_section][et_pb_section fb_built=\u00a0\u00bb1&Prime; admin_label=\u00a0\u00bbHeader\u00a0\u00bb _builder_version=\u00a0\u00bb4.20.0&Prime; _module_preset=\u00a0\u00bbdefault\u00a0\u00bb collapsed=\u00a0\u00bbon\u00a0\u00bb global_colors_info=\u00a0\u00bb{}\u00a0\u00bb][et_pb_row _builder_version=\u00a0\u00bb4.27.4&Prime; _module_preset=\u00a0\u00bbdefault\u00a0\u00bb global_colors_info=\u00a0\u00bb{}\u00a0\u00bb][et_pb_column type=\u00a0\u00bb4_4&Prime; _builder_version=\u00a0\u00bb4.27.4&Prime; _module_preset=\u00a0\u00bbdefault\u00a0\u00bb global_colors_info=\u00a0\u00bb{}\u00a0\u00bb][et_pb_text _builder_version=\u00a0\u00bb4.27.4&Prime; _module_preset=\u00a0\u00bb_initial\u00a0\u00bb header_2_text_color=\u00a0\u00bb#393838&Prime; header_2_font_size=\u00a0\u00bb33px\u00a0\u00bb global_colors_info=\u00a0\u00bb{}\u00a0\u00bb]<\/p>\n<h2>Les associations<\/h2>\n<p>[\/et_pb_text][et_pb_divider color=\u00a0\u00bb#4FA591&Prime; divider_weight=\u00a0\u00bb4px\u00a0\u00bb _builder_version=\u00a0\u00bb4.27.4&Prime; _module_preset=\u00a0\u00bbdefault\u00a0\u00bb max_width=\u00a0\u00bb20%\u00a0\u00bb global_colors_info=\u00a0\u00bb{}\u00a0\u00bb][\/et_pb_divider][\/et_pb_column][\/et_pb_row][et_pb_row column_structure=\u00a0\u00bb1_2,1_2&Prime; _builder_version=\u00a0\u00bb4.27.4&Prime; _module_preset=\u00a0\u00bbdefault\u00a0\u00bb global_colors_info=\u00a0\u00bb{}\u00a0\u00bb][et_pb_column type=\u00a0\u00bb1_2&Prime; _builder_version=\u00a0\u00bb4.27.4&Prime; _module_preset=\u00a0\u00bbdefault\u00a0\u00bb global_colors_info=\u00a0\u00bb{}\u00a0\u00bb][et_pb_blurb title=\u00a0\u00bbVimpelles Jadis et Aujourd&rsquo;hui\u00a0\u00bb image=\u00a0\u00bbhttps:\/\/devvimpelles.albys.com\/wp-content\/uploads\/2025\/03\/VJA-scaled.jpg\u00a0\u00bb _builder_version=\u00a0\u00bb4.27.4&Prime; _module_preset=\u00a0\u00bbdefault\u00a0\u00bb header_level=\u00a0\u00bbh3&Prime; header_text_color=\u00a0\u00bb#4FA591&Prime; body_text_color=\u00a0\u00bb#393838&Prime; animation_style=\u00a0\u00bbfade\u00a0\u00bb global_colors_info=\u00a0\u00bb{}\u00a0\u00bb]<\/p>\n<p style=\"font-weight: 400;\">L&rsquo;association Vimpelles Jadis et Aujourd&rsquo;hui (VJA), propose diverses activit\u00e9s en compl\u00e9ment du Comit\u00e9 des F\u00eates . Elle publie \u00e9galement, tous les trimestres, un petit journal intitul\u00e9 \u00ab\u00a0La petite Feuille\u00a0\u00bb.<\/p>\n<p style=\"font-weight: 400;\">\u00c0 travers ce journal, VJA raconte l&rsquo;histoire de notre village. Pour ce faire, l&rsquo;association a besoin de vos t\u00e9moignages, photos, \u00e9crits, objets, etc. Votre m\u00e9moire est pr\u00e9cieuse pour nous.<\/p>\n<p style=\"font-weight: 400;\">Si vous poss\u00e9dez des tr\u00e9sors \u00e0 partager, faites-vous conna\u00eetre en contactant Nicole au 01 60 58 11 92 ou Sylvie au 06 20 64 12 65.<\/p>\n<p style=\"font-weight: 400;\">Si vous avez des suggestions, n&rsquo;h\u00e9sitez pas \u00e0 les partager. Elles seront les bienvenues.<\/p>\n<p style=\"font-weight: 400;\">La pr\u00e9sidente.<\/p>\n<p style=\"font-weight: 400;\">Adh\u00e9sion : 10\u20ac<\/p>\n<p>[\/et_pb_blurb][et_pb_button button_text=\u00a0\u00bb01 60 58 11 92&Prime; _builder_version=\u00a0\u00bb4.27.4&Prime; _module_preset=\u00a0\u00bbdefault\u00a0\u00bb button_bg_color=\u00a0\u00bb#4FA591&Prime; global_colors_info=\u00a0\u00bb{}\u00a0\u00bb][\/et_pb_button][et_pb_button button_url=\u00a0\u00bbhttps:\/\/mairie-vimpelles.fr\/wp-content\/uploads\/2025\/04\/acctivites-VJA-2025.docx\u00a0\u00bb url_new_window=\u00a0\u00bbon\u00a0\u00bb button_text=\u00a0\u00bbCalendrier activit\u00e9s\u00a0\u00bb _builder_version=\u00a0\u00bb4.27.4&Prime; _module_preset=\u00a0\u00bbdefault\u00a0\u00bb button_bg_color=\u00a0\u00bb#4FA591&Prime; hover_enabled=\u00a0\u00bb0&Prime; global_colors_info=\u00a0\u00bb{}\u00a0\u00bb sticky_enabled=\u00a0\u00bb0&Prime;][\/et_pb_button][\/et_pb_column][et_pb_column type=\u00a0\u00bb1_2&Prime; _builder_version=\u00a0\u00bb4.27.4&Prime; _module_preset=\u00a0\u00bbdefault\u00a0\u00bb global_colors_info=\u00a0\u00bb{}\u00a0\u00bb][et_pb_blurb title=\u00a0\u00bbAPE Les Z\u00e9coliers\u00a0\u00bb image=\u00a0\u00bbhttps:\/\/devvimpelles.albys.com\/wp-content\/uploads\/2025\/02\/zecoliers-e1741086313784.png\u00a0\u00bb image_icon_width=\u00a0\u00bb50%\u00a0\u00bb _builder_version=\u00a0\u00bb4.27.4&Prime; _module_preset=\u00a0\u00bbdefault\u00a0\u00bb header_level=\u00a0\u00bbh3&Prime; header_text_color=\u00a0\u00bb#4FA591&Prime; body_text_color=\u00a0\u00bb#393838&Prime; animation_style=\u00a0\u00bbfade\u00a0\u00bb border_radii_image=\u00a0\u00bbon|90px|90px|90px|90px\u00a0\u00bb global_colors_info=\u00a0\u00bb{}\u00a0\u00bb]<\/p>\n<div>L\u2019association de parents d\u2019\u00e9l\u00e8ves \u00ab Les Zecoliers \u00bb a \u00e9t\u00e9 cr\u00e9\u00e9e en 2022 par 4 mamans : <span style=\"font-size: 14px;\">Delphine Aug\u00e9, pr\u00e9sidente, <\/span><span style=\"font-size: 14px;\">Julie Deville, vice pr\u00e9sidente, <\/span><span style=\"font-size: 14px;\">Marion Mathiot, secr\u00e9taire, <\/span><span style=\"font-size: 14px;\">St\u00e9phanie Bazin, tr\u00e9sori\u00e8re, <\/span><span style=\"font-size: 14px;\">qui souhaitaient participer \u00e0 la vie des \u00c9coles.<\/span><\/div>\n<div>\n<div>\n<div id=\"m_-2908318662675128941m_-8764209749370720668AppleMailSignature\" dir=\"ltr\">L\u2019APE propose r\u00e9guli\u00e8rement des ventes group\u00e9es de chocolats, de saucissons ou autre, notamment en distribuant des flyers dans les bo\u00eetes aux lettres des villages.<\/div>\n<div id=\"m_-2908318662675128941m_-8764209749370720668AppleMailSignature\" dir=\"ltr\">Les b\u00e9n\u00e9fices d\u00e9gag\u00e9s servent \u00e0 financer des sorties scolaires et du mat\u00e9riel pour les 4 \u00e9coles que compte le RPI auquel notre village est rattach\u00e9.<\/div>\n<div id=\"m_-2908318662675128941m_-8764209749370720668AppleMailSignature\" dir=\"ltr\">L\u2019APE organise \u00e9galement une kermesse le 1er samedi de juin chaque ann\u00e9e. L\u2019entr\u00e9e est ouverte aux \u00e9l\u00e8ves accompagn\u00e9s de leurs parents mais \u00e9galement aux riverains.<\/div>\n<div id=\"m_-2908318662675128941m_-8764209749370720668AppleMailSignature\" dir=\"ltr\">L\u2019association vit gr\u00e2ce \u00e0 l&rsquo;implication des fondatrices, mais \u00e9galement, des parents qui se portent volontaires pour l\u2019organisation des diff\u00e9rentes actions.<\/div>\n<div id=\"m_-2908318662675128941m_-8764209749370720668AppleMailSignature\" dir=\"ltr\">N\u2019h\u00e9sitez pas \u00e0 les contacter si vous avez envie d\u2019investir de votre temps libre aupr\u00e8s d\u2019elles !<\/div>\n<div id=\"m_-2908318662675128941m_-8764209749370720668AppleMailSignature\" dir=\"ltr\">L\u2019association a \u00e9galement besoin de lots chaque ann\u00e9e pour la kermesse ! N\u2019h\u00e9sitez pas si vous avez des choses \u00e0 proposer !<\/div>\n<div dir=\"ltr\"><\/div>\n<div dir=\"ltr\">Mail : <a href=\"mailto:leszecoliers77520@gmail.com\" target=\"_blank\" rel=\"noopener\">leszecoliers77520@gmail.com<\/a><\/div>\n<div dir=\"ltr\"><\/div>\n<div dir=\"ltr\"><\/div>\n<div dir=\"ltr\"><\/div>\n<\/div>\n<\/div>\n<p>[\/et_pb_blurb][et_pb_button button_url=\u00a0\u00bbhttps:\/\/www.facebook.com\/profile.php?id=100080173452659&Prime; button_text=\u00a0\u00bbLien Facebook\u00a0\u00bb _builder_version=\u00a0\u00bb4.27.4&Prime; _module_preset=\u00a0\u00bbdefault\u00a0\u00bb button_bg_color=\u00a0\u00bb#4FA591&Prime; global_colors_info=\u00a0\u00bb{}\u00a0\u00bb][\/et_pb_button][\/et_pb_column][\/et_pb_row][et_pb_row column_structure=\u00a0\u00bb1_2,1_2&Prime; _builder_version=\u00a0\u00bb4.27.4&Prime; _module_preset=\u00a0\u00bbdefault\u00a0\u00bb global_colors_info=\u00a0\u00bb{}\u00a0\u00bb][et_pb_column type=\u00a0\u00bb1_2&Prime; _builder_version=\u00a0\u00bb4.27.4&Prime; _module_preset=\u00a0\u00bbdefault\u00a0\u00bb global_colors_info=\u00a0\u00bb{}\u00a0\u00bb][et_pb_blurb title=\u00a0\u00bbLe souvenir Fran\u00e7ais\u00a0\u00bb image=\u00a0\u00bbhttps:\/\/devvimpelles.albys.com\/wp-content\/uploads\/2025\/03\/image.png\u00a0\u00bb _builder_version=\u00a0\u00bb4.27.4&Prime; _module_preset=\u00a0\u00bbdefault\u00a0\u00bb header_level=\u00a0\u00bbh3&Prime; header_text_color=\u00a0\u00bb#4FA591&Prime; body_text_color=\u00a0\u00bb#393838&Prime; animation_style=\u00a0\u00bbfade\u00a0\u00bb global_colors_info=\u00a0\u00bb{}\u00a0\u00bb]<\/p>\n<p>Depuis sa cr\u00e9ation en 1887, plus de 10 millions de Fran\u00e7ais et de Fran\u00e7aises ont adh\u00e9r\u00e9 \u00e0 un moment de leur histoire personnelle au Souvenir Fran\u00e7ais.<\/p>\n<p>En 2018, l\u2019association rassemble 200 000 adh\u00e9rents dont 100 000 adh\u00e9rents directs et 100 000 adh\u00e9rents associ\u00e9s, regroup\u00e9s dans 1 600 comit\u00e9s locaux. Ce sont ces hommes et ces femmes qui par leur mobilisation b\u00e9n\u00e9vole, font vivre au quotidien la m\u00e9moire combattante fran\u00e7aise.<\/p>\n<p>Chaque ann\u00e9e les adh\u00e9rents du Souvenir Fran\u00e7ais organisent des milliers d\u2019initiatives<\/p>\n<p>[\/et_pb_blurb][et_pb_button button_url=\u00a0\u00bbhttps:\/\/le-souvenir-francais.fr\/delegation\/seine-et-marne\/\u00a0\u00bb button_text=\u00a0\u00bbsite internet\u00a0\u00bb _builder_version=\u00a0\u00bb4.27.4&Prime; _module_preset=\u00a0\u00bbdefault\u00a0\u00bb button_bg_color=\u00a0\u00bb#4FA591&Prime; global_colors_info=\u00a0\u00bb{}\u00a0\u00bb][\/et_pb_button][\/et_pb_column][et_pb_column type=\u00a0\u00bb1_2&Prime; _builder_version=\u00a0\u00bb4.27.4&Prime; _module_preset=\u00a0\u00bbdefault\u00a0\u00bb global_colors_info=\u00a0\u00bb{}\u00a0\u00bb][et_pb_blurb title=\u00a0\u00bbL&rsquo;amicale des chasseurs Vimpelles-Cutrelles\u00a0\u00bb image=\u00a0\u00bbhttps:\/\/devvimpelles.albys.com\/wp-content\/uploads\/2025\/03\/Amicale-des-chasseurs.png\u00a0\u00bb _builder_version=\u00a0\u00bb4.27.4&Prime; _module_preset=\u00a0\u00bbdefault\u00a0\u00bb header_level=\u00a0\u00bbh3&Prime; header_text_color=\u00a0\u00bb#4FA591&Prime; body_text_color=\u00a0\u00bb#393838&Prime; animation_style=\u00a0\u00bbfade\u00a0\u00bb border_radii_image=\u00a0\u00bbon|100px|100px|100px|100px\u00a0\u00bb global_colors_info=\u00a0\u00bb{}\u00a0\u00bb]<\/p>\n<p><span>Depuis toujours, la chasse s\u2019exerce sur notre territoire communal. <\/span><br \/><span>Plusieurs g\u00e9n\u00e9rations de chasseurs ont particip\u00e9 \u00e0 fa\u00e7onner et faire \u00e9voluer notre Amicale au fil du temps.<\/span><\/p>\n<p><span>Depuis quelques ann\u00e9es, le nombre de soci\u00e9taires s\u2019\u00e9tablit \u00e0 une trentaine de personnes (habitants de la commune ainsi que des personnes ext\u00e9rieures). <\/span><br \/><span>Un vaste territoire de 1200 hectares, compos\u00e9 essentiellement par la plaine dans sa partie haute, le Bas Montois et de bois dans sa partie basse, la Bass\u00e9e. L\u2019Amicale exerce son activit\u00e9 sur un territoire communal et priv\u00e9 repr\u00e9sentant plus de trente propri\u00e9taires.\u00a0<\/span><\/p>\n<p>[\/et_pb_blurb][\/et_pb_column][\/et_pb_row][\/et_pb_section]<\/p>\n","protected":false},"excerpt":{"rendered":"<p>Loisirs et associationsComit\u00e9 des f\u00eatesLe Comit\u00e9 des F\u00eates, une association tr\u00e8s dynamique, existe depuis d\u00e9cembre 1974. Depuis sa cr\u00e9ation, il s&rsquo;efforce d&rsquo;organiser des \u00e9v\u00e9nements et des activit\u00e9s pour animer la vie de la commune. Gr\u00e2ce \u00e0 l&rsquo;engagement et \u00e0 la passion de ses membres, le Comit\u00e9 des F\u00eates a su cr\u00e9er des moments inoubliables pour [&hellip;]<\/p>\n","protected":false},"author":1,"featured_media":0,"parent":0,"menu_order":0,"comment_status":"closed","ping_status":"closed","template":"","meta":{"_et_pb_use_builder":"on","_et_pb_old_content":"","_et_gb_content_width":"","footnotes":""},"class_list":["post-216","page","type-page","status-publish","hentry"],"_links":{"self":[{"href":"https:\/\/mairie-vimpelles.fr\/index.php\/wp-json\/wp\/v2\/pages\/216","targetHints":{"allow":["GET"]}}],"collection":[{"href":"https:\/\/mairie-vimpelles.fr\/index.php\/wp-json\/wp\/v2\/pages"}],"about":[{"href":"https:\/\/mairie-vimpelles.fr\/index.php\/wp-json\/wp\/v2\/types\/page"}],"author":[{"embeddable":true,"href":"https:\/\/mairie-vimpelles.fr\/index.php\/wp-json\/wp\/v2\/users\/1"}],"replies":[{"embeddable":true,"href":"https:\/\/mairie-vimpelles.fr\/index.php\/wp-json\/wp\/v2\/comments?post=216"}],"version-history":[{"count":34,"href":"https:\/\/mairie-vimpelles.fr\/index.php\/wp-json\/wp\/v2\/pages\/216\/revisions"}],"predecessor-version":[{"id":1097,"href":"https:\/\/mairie-vimpelles.fr\/index.php\/wp-json\/wp\/v2\/pages\/216\/revisions\/1097"}],"wp:attachment":[{"href":"https:\/\/mairie-vimpelles.fr\/index.php\/wp-json\/wp\/v2\/media?parent=216"}],"curies":[{"name":"wp","href":"https:\/\/api.w.org\/{rel}","templated":true}]}}