{"id":841,"date":"2025-03-25T12:31:21","date_gmt":"2025-03-25T12:31:21","guid":{"rendered":"https:\/\/devvimpelles.albys.com\/?page_id=841"},"modified":"2025-06-13T10:08:45","modified_gmt":"2025-06-13T10:08:45","slug":"transports","status":"publish","type":"page","link":"https:\/\/mairie-vimpelles.fr\/index.php\/transports\/","title":{"rendered":"Transports"},"content":{"rendered":"<p>[et_pb_section fb_built=\u00a0\u00bb1&Prime; _builder_version=\u00a0\u00bb4.27.4&Prime; _module_preset=\u00a0\u00bbdefault\u00a0\u00bb background_color=\u00a0\u00bb#27584D\u00a0\u00bb custom_margin=\u00a0\u00bb-5vw||||false|false\u00a0\u00bb global_colors_info=\u00a0\u00bb{}\u00a0\u00bb][et_pb_row _builder_version=\u00a0\u00bb4.27.4&Prime; _module_preset=\u00a0\u00bbdefault\u00a0\u00bb animation_style=\u00a0\u00bbfade\u00a0\u00bb global_colors_info=\u00a0\u00bb{}\u00a0\u00bb][et_pb_column type=\u00a0\u00bb4_4&Prime; _builder_version=\u00a0\u00bb4.27.4&Prime; _module_preset=\u00a0\u00bbdefault\u00a0\u00bb global_colors_info=\u00a0\u00bb{}\u00a0\u00bb][et_pb_text _builder_version=\u00a0\u00bb4.27.4&Prime; _module_preset=\u00a0\u00bbdefault\u00a0\u00bb header_font=\u00a0\u00bb|700||on|||||\u00a0\u00bb header_text_align=\u00a0\u00bbcenter\u00a0\u00bb header_text_color=\u00a0\u00bb#FFFFFF\u00a0\u00bb header_font_size=\u00a0\u00bb55px\u00a0\u00bb global_colors_info=\u00a0\u00bb{}\u00a0\u00bb]<\/p>\n<h1>TransportS<\/h1>\n<p>[\/et_pb_text][\/et_pb_column][\/et_pb_row][\/et_pb_section][et_pb_section fb_built=\u00a0\u00bb1&Prime; admin_label=\u00a0\u00bbHeader\u00a0\u00bb _builder_version=\u00a0\u00bb4.20.0&Prime; _module_preset=\u00a0\u00bbdefault\u00a0\u00bb collapsed=\u00a0\u00bbon\u00a0\u00bb global_colors_info=\u00a0\u00bb{}\u00a0\u00bb][et_pb_row column_structure=\u00a0\u00bb2_3,1_3&Prime; _builder_version=\u00a0\u00bb4.20.0&Prime; _module_preset=\u00a0\u00bbdefault\u00a0\u00bb global_colors_info=\u00a0\u00bb{}\u00a0\u00bb][et_pb_column type=\u00a0\u00bb2_3&Prime; _builder_version=\u00a0\u00bb4.20.0&Prime; _module_preset=\u00a0\u00bbdefault\u00a0\u00bb global_colors_info=\u00a0\u00bb{}\u00a0\u00bb][et_pb_text _builder_version=\u00a0\u00bb4.27.4&Prime; _module_preset=\u00a0\u00bb_initial\u00a0\u00bb global_colors_info=\u00a0\u00bb{}\u00a0\u00bb]<\/p>\n<h1>Taxis<\/h1>\n<p>[\/et_pb_text][et_pb_divider color=\u00a0\u00bb#4FA591&Prime; divider_weight=\u00a0\u00bb4px\u00a0\u00bb _builder_version=\u00a0\u00bb4.27.4&Prime; _module_preset=\u00a0\u00bbdefault\u00a0\u00bb max_width=\u00a0\u00bb20%\u00a0\u00bb global_colors_info=\u00a0\u00bb{}\u00a0\u00bb][\/et_pb_divider][et_pb_text _builder_version=\u00a0\u00bb4.27.4&Prime; _module_preset=\u00a0\u00bbdefault\u00a0\u00bb global_colors_info=\u00a0\u00bb{}\u00a0\u00bb]<\/p>\n<p><strong>Allo Taxi Braytois<\/strong> : 24 Grande Rue 77480 Bray-sur-Seine \u2013 06 99 24 00 77<\/p>\n<p><strong>Taxi niemba<\/strong> : 4 all\u00e9e des Alouettes 77480 Bray-sur-Seine \u2013 06 64 98 44 51<\/p>\n<p><strong>Taxi Olivier<\/strong> : 8 rue Raymond Bellague 77520 Donnemarie-Dontilly &#8211; 06 07 88 40 45<\/p>\n<p>[\/et_pb_text][et_pb_text _builder_version=\u00a0\u00bb4.27.4&Prime; _module_preset=\u00a0\u00bb_initial\u00a0\u00bb global_colors_info=\u00a0\u00bb{}\u00a0\u00bb]<\/p>\n<h1>Transport de personne \u00e0 la demande<\/h1>\n<p>[\/et_pb_text][et_pb_divider color=\u00a0\u00bb#4FA591&Prime; divider_weight=\u00a0\u00bb4px\u00a0\u00bb _builder_version=\u00a0\u00bb4.27.4&Prime; _module_preset=\u00a0\u00bbdefault\u00a0\u00bb max_width=\u00a0\u00bb20%\u00a0\u00bb global_colors_info=\u00a0\u00bb{}\u00a0\u00bb][\/et_pb_divider][et_pb_text _builder_version=\u00a0\u00bb4.27.4&Prime; _module_preset=\u00a0\u00bbdefault\u00a0\u00bb global_colors_info=\u00a0\u00bb{}\u00a0\u00bb]<\/p>\n<p><span>PROXIBUS Transport \u00e0 la demande<\/span><br \/><span>Tel\u00a0: 01 64 01 82 05<\/span><br \/><a href=\"http:\/\/www.seine-et-marne.fr\/\" target=\"_blank\" rel=\"noopener\">www.seine-et-marne.fr<\/a><\/p>\n<p>[\/et_pb_text][\/et_pb_column][et_pb_column type=\u00a0\u00bb1_3&Prime; _builder_version=\u00a0\u00bb4.20.0&Prime; _module_preset=\u00a0\u00bbdefault\u00a0\u00bb global_colors_info=\u00a0\u00bb{}\u00a0\u00bb][et_pb_image src=\u00a0\u00bbhttps:\/\/devvimpelles.albys.com\/wp-content\/uploads\/2025\/03\/13861.jpg\u00a0\u00bb title_text=\u00a0\u00bbPhoto by JESHOOTS.com\u00a0\u00bb _builder_version=\u00a0\u00bb4.27.4&Prime; _module_preset=\u00a0\u00bbdefault\u00a0\u00bb animation_style=\u00a0\u00bbzoom\u00a0\u00bb border_radii=\u00a0\u00bbon|30px|30px|30px|30px\u00a0\u00bb box_shadow_style=\u00a0\u00bbpreset1&Prime; global_colors_info=\u00a0\u00bb{}\u00a0\u00bb][\/et_pb_image][\/et_pb_column][\/et_pb_row][et_pb_row _builder_version=\u00a0\u00bb4.20.0&Prime; _module_preset=\u00a0\u00bbdefault\u00a0\u00bb global_colors_info=\u00a0\u00bb{}\u00a0\u00bb][et_pb_column type=\u00a0\u00bb4_4&Prime; _builder_version=\u00a0\u00bb4.20.0&Prime; _module_preset=\u00a0\u00bbdefault\u00a0\u00bb global_colors_info=\u00a0\u00bb{}\u00a0\u00bb][et_pb_text _builder_version=\u00a0\u00bb4.27.4&Prime; _module_preset=\u00a0\u00bb_initial\u00a0\u00bb global_colors_info=\u00a0\u00bb{}\u00a0\u00bb]<\/p>\n<h1>PAM 77<\/h1>\n<p>[\/et_pb_text][et_pb_divider color=\u00a0\u00bb#4FA591&Prime; divider_weight=\u00a0\u00bb4px\u00a0\u00bb _builder_version=\u00a0\u00bb4.27.4&Prime; _module_preset=\u00a0\u00bbdefault\u00a0\u00bb max_width=\u00a0\u00bb20%\u00a0\u00bb global_colors_info=\u00a0\u00bb{}\u00a0\u00bb][\/et_pb_divider][et_pb_text _builder_version=\u00a0\u00bb4.27.4&Prime; _module_preset=\u00a0\u00bbdefault\u00a0\u00bb global_colors_info=\u00a0\u00bb{}\u00a0\u00bb]<\/p>\n<p><span>Pour aider \u00e0 la mobilit\u00e9. Ce service de transport \u00e0 la demande s\u2019adresse aux personnes \u00e0 mobilit\u00e9 r\u00e9duite. Objectif : faciliter leurs d\u00e9placements en Seine-et-Marne, et au del\u00e0.<\/span><br \/><span>T\u00e9l : 0810 0810 77 \u2013 Num\u00e9ro Azur \u2013 Prix d\u2019un appel local \/ 01 64 10 69 00<\/span><br \/><a href=\"mailto:contact@pam77.info\" target=\"_blank\" rel=\"noopener\">contact@pam77.info<\/a><\/p>\n<p>[\/et_pb_text][\/et_pb_column][\/et_pb_row][et_pb_row _builder_version=\u00a0\u00bb4.27.4&Prime; _module_preset=\u00a0\u00bbdefault\u00a0\u00bb global_colors_info=\u00a0\u00bb{}\u00a0\u00bb][et_pb_column type=\u00a0\u00bb4_4&Prime; _builder_version=\u00a0\u00bb4.27.4&Prime; _module_preset=\u00a0\u00bbdefault\u00a0\u00bb global_colors_info=\u00a0\u00bb{}\u00a0\u00bb][et_pb_button button_text=\u00a0\u00bbRetour \u00e0 l&rsquo;accueil\u00a0\u00bb button_alignment=\u00a0\u00bbcenter\u00a0\u00bb _builder_version=\u00a0\u00bb4.27.4&Prime; _module_preset=\u00a0\u00bbdefault\u00a0\u00bb button_bg_color=\u00a0\u00bb#4FA591&Prime; global_colors_info=\u00a0\u00bb{}\u00a0\u00bb][\/et_pb_button][\/et_pb_column][\/et_pb_row][\/et_pb_section]<\/p>\n","protected":false},"excerpt":{"rendered":"<p>TransportSTaxisAllo Taxi Braytois : 24 Grande Rue 77480 Bray-sur-Seine \u2013 06 99 24 00 77 Taxi niemba : 4 all\u00e9e des Alouettes 77480 Bray-sur-Seine \u2013 06 64 98 44 51 Taxi Olivier : 8 rue Raymond Bellague 77520 Donnemarie-Dontilly &#8211; 06 07 88 40 45Transport de personne \u00e0 la demandePROXIBUS Transport \u00e0 la demandeTel\u00a0: 01 [&hellip;]<\/p>\n","protected":false},"author":1,"featured_media":0,"parent":0,"menu_order":0,"comment_status":"closed","ping_status":"closed","template":"","meta":{"_et_pb_use_builder":"on","_et_pb_old_content":"","_et_gb_content_width":"","footnotes":""},"class_list":["post-841","page","type-page","status-publish","hentry"],"_links":{"self":[{"href":"https:\/\/mairie-vimpelles.fr\/index.php\/wp-json\/wp\/v2\/pages\/841","targetHints":{"allow":["GET"]}}],"collection":[{"href":"https:\/\/mairie-vimpelles.fr\/index.php\/wp-json\/wp\/v2\/pages"}],"about":[{"href":"https:\/\/mairie-vimpelles.fr\/index.php\/wp-json\/wp\/v2\/types\/page"}],"author":[{"embeddable":true,"href":"https:\/\/mairie-vimpelles.fr\/index.php\/wp-json\/wp\/v2\/users\/1"}],"replies":[{"embeddable":true,"href":"https:\/\/mairie-vimpelles.fr\/index.php\/wp-json\/wp\/v2\/comments?post=841"}],"version-history":[{"count":9,"href":"https:\/\/mairie-vimpelles.fr\/index.php\/wp-json\/wp\/v2\/pages\/841\/revisions"}],"predecessor-version":[{"id":1116,"href":"https:\/\/mairie-vimpelles.fr\/index.php\/wp-json\/wp\/v2\/pages\/841\/revisions\/1116"}],"wp:attachment":[{"href":"https:\/\/mairie-vimpelles.fr\/index.php\/wp-json\/wp\/v2\/media?parent=841"}],"curies":[{"name":"wp","href":"https:\/\/api.w.org\/{rel}","templated":true}]}}

<p>[et_pb_section fb_built= »1&Prime; _builder_version= »4.27.4&Prime; _module_preset= »default » background_color= »#27584D » custom_margin= »-5vw||||false|false » global_colors_info= »{} »][et_pb_row _builder_version= »4.27.4&Prime; _module_preset= »default » animation_style= »fade » global_colors_info= »{} »][et_pb_column type= »4_4&Prime; _builder_version= »4.27.4&Prime; _module_preset= »default » global_colors_info= »{} »][et_pb_text _builder_version= »4.27.4&Prime; _module_preset= »default » header_font= »|700||on||||| » header_text_align= »center » header_text_color= »#FFFFFF » header_font_size= »55px » global_colors_info= »{} »]</p>
<h1>TransportS</h1>
<p>[/et_pb_text][/et_pb_column][/et_pb_row][/et_pb_section][et_pb_section fb_built= »1&Prime; admin_label= »Header » _builder_version= »4.20.0&Prime; _module_preset= »default » collapsed= »on » global_colors_info= »{} »][et_pb_row column_structure= »2_3,1_3&Prime; _builder_version= »4.20.0&Prime; _module_preset= »default » global_colors_info= »{} »][et_pb_column type= »2_3&Prime; _builder_version= »4.20.0&Prime; _module_preset= »default » global_colors_info= »{} »][et_pb_text _builder_version= »4.27.4&Prime; _module_preset= »_initial » global_colors_info= »{} »]</p>
<h1>Taxis</h1>
<p>[/et_pb_text][et_pb_divider color= »#4FA591&Prime; divider_weight= »4px » _builder_version= »4.27.4&Prime; _module_preset= »default » max_width= »20% » global_colors_info= »{} »][/et_pb_divider][et_pb_text _builder_version= »4.27.4&Prime; _module_preset= »default » global_colors_info= »{} »]</p>
<p><strong>Allo Taxi Braytois</strong> : 24 Grande Rue 77480 Bray-sur-Seine – 06 99 24 00 77</p>
<p><strong>Taxi niemba</strong> : 4 allée des Alouettes 77480 Bray-sur-Seine – 06 64 98 44 51</p>
<p><strong>Taxi Olivier</strong> : 8 rue Raymond Bellague 77520 Donnemarie-Dontilly &#8211; 06 07 88 40 45</p>
<p>[/et_pb_text][et_pb_text _builder_version= »4.27.4&Prime; _module_preset= »_initial » global_colors_info= »{} »]</p>
<h1>Transport de personne à la demande</h1>
<p>[/et_pb_text][et_pb_divider color= »#4FA591&Prime; divider_weight= »4px » _builder_version= »4.27.4&Prime; _module_preset= »default » max_width= »20% » global_colors_info= »{} »][/et_pb_divider][et_pb_text _builder_version= »4.27.4&Prime; _module_preset= »default » global_colors_info= »{} »]</p>
<p><span>PROXIBUS Transport à la demande</span><br /><span>Tel : 01 64 01 82 05</span><br /><a href="http://www.seine-et-marne.fr/" target="_blank" rel="noopener">www.seine-et-marne.fr</a></p>
<p>[/et_pb_text][/et_pb_column][et_pb_column type= »1_3&Prime; _builder_version= »4.20.0&Prime; _module_preset= »default » global_colors_info= »{} »][et_pb_image src= »https://devvimpelles.albys.com/wp-content/uploads/2025/03/13861.jpg » title_text= »Photo by JESHOOTS.com » _builder_version= »4.27.4&Prime; _module_preset= »default » animation_style= »zoom » border_radii= »on|30px|30px|30px|30px » box_shadow_style= »preset1&Prime; global_colors_info= »{} »][/et_pb_image][/et_pb_column][/et_pb_row][et_pb_row _builder_version= »4.20.0&Prime; _module_preset= »default » global_colors_info= »{} »][et_pb_column type= »4_4&Prime; _builder_version= »4.20.0&Prime; _module_preset= »default » global_colors_info= »{} »][et_pb_text _builder_version= »4.27.4&Prime; _module_preset= »_initial » global_colors_info= »{} »]</p>
<h1>PAM 77</h1>
<p>[/et_pb_text][et_pb_divider color= »#4FA591&Prime; divider_weight= »4px » _builder_version= »4.27.4&Prime; _module_preset= »default » max_width= »20% » global_colors_info= »{} »][/et_pb_divider][et_pb_text _builder_version= »4.27.4&Prime; _module_preset= »default » global_colors_info= »{} »]</p>
<p><span>Pour aider à la mobilité. Ce service de transport à la demande s’adresse aux personnes à mobilité réduite. Objectif : faciliter leurs déplacements en Seine-et-Marne, et au delà.</span><br /><span>Tél : 0810 0810 77 – Numéro Azur – Prix d’un appel local / 01 64 10 69 00</span><br /><a href="mailto:contact@pam77.info" target="_blank" rel="noopener">contact@pam77.info</a></p>
<p>[/et_pb_text][/et_pb_column][/et_pb_row][et_pb_row _builder_version= »4.27.4&Prime; _module_preset= »default » global_colors_info= »{} »][et_pb_column type= »4_4&Prime; _builder_version= »4.27.4&Prime; _module_preset= »default » global_colors_info= »{} »][et_pb_button button_text= »Retour à l&rsquo;accueil » button_alignment= »center » _builder_version= »4.27.4&Prime; _module_preset= »default » button_bg_color= »#4FA591&Prime; global_colors_info= »{} »][/et_pb_button][/et_pb_column][/et_pb_row][/et_pb_section]</p>

<p>TransportSTaxisAllo Taxi Braytois : 24 Grande Rue 77480 Bray-sur-Seine – 06 99 24 00 77 Taxi niemba : 4 allée des Alouettes 77480 Bray-sur-Seine – 06 64 98 44 51 Taxi Olivier : 8 rue Raymond Bellague 77520 Donnemarie-Dontilly &#8211; 06 07 88 40 45Transport de personne à la demandePROXIBUS Transport à la demandeTel : 01 [&hellip;]</p>
